{"id":69,"date":"2023-11-16T23:14:46","date_gmt":"2023-11-16T22:14:46","guid":{"rendered":"https:\/\/kinocubecinema.com\/?page_id=69"},"modified":"2026-03-04T13:23:01","modified_gmt":"2026-03-04T12:23:01","slug":"kinocube","status":"publish","type":"page","link":"https:\/\/kinocubecinema.com\/index.php\/kinocube\/","title":{"rendered":"Kinocube"},"content":{"rendered":"\t\t<div data-elementor-type=\"wp-page\" data-elementor-id=\"69\" class=\"elementor elementor-69\" data-elementor-post-type=\"page\">\n\t\t\t\t<div class=\"elementor-element elementor-element-a993703 e-con-full e-flex e-con e-parent\" data-id=\"a993703\" data-element_type=\"container\" data-core-v316-plus=\"true\">\n\t\t<div class=\"elementor-element elementor-element-9dfeefe e-flex e-con-boxed e-con e-child\" data-id=\"9dfeefe\" data-element_type=\"container\">\n\t\t\t\t\t<div class=\"e-con-inner\">\n\t\t\t\t<div class=\"elementor-element elementor-element-5c7976b elementor-widget elementor-widget-heading\" data-id=\"5c7976b\" data-element_type=\"widget\" data-widget_type=\"heading.default\">\n\t\t\t\t<div class=\"elementor-widget-container\">\n\t\t\t<style>\/*! elementor - v3.20.0 - 10-04-2024 *\/\n.elementor-heading-title{padding:0;margin:0;line-height:1}.elementor-widget-heading .elementor-heading-title[class*=elementor-size-]>a{color:inherit;font-size:inherit;line-height:inherit}.elementor-widget-heading .elementor-heading-title.elementor-size-small{font-size:15px}.elementor-widget-heading .elementor-heading-title.elementor-size-medium{font-size:19px}.elementor-widget-heading .elementor-heading-title.elementor-size-large{font-size:29px}.elementor-widget-heading .elementor-heading-title.elementor-size-xl{font-size:39px}.elementor-widget-heading .elementor-heading-title.elementor-size-xxl{font-size:59px}<\/style><h2 class=\"elementor-heading-title elementor-size-default\">Kinocube Cinema<\/h2>\t\t<\/div>\n\t\t\t\t<\/div>\n\t\t\t\t<div class=\"elementor-element elementor-element-6424c6ba elementor-widget elementor-widget-text-editor\" data-id=\"6424c6ba\" data-element_type=\"widget\" data-widget_type=\"text-editor.default\">\n\t\t\t\t<div class=\"elementor-widget-container\">\n\t\t\t<style>\/*! elementor - v3.20.0 - 10-04-2024 *\/\n.elementor-widget-text-editor.elementor-drop-cap-view-stacked .elementor-drop-cap{background-color:#69727d;color:#fff}.elementor-widget-text-editor.elementor-drop-cap-view-framed .elementor-drop-cap{color:#69727d;border:3px solid;background-color:transparent}.elementor-widget-text-editor:not(.elementor-drop-cap-view-default) .elementor-drop-cap{margin-top:8px}.elementor-widget-text-editor:not(.elementor-drop-cap-view-default) .elementor-drop-cap-letter{width:1em;height:1em}.elementor-widget-text-editor .elementor-drop-cap{float:left;text-align:center;line-height:1;font-size:50px}.elementor-widget-text-editor .elementor-drop-cap-letter{display:inline-block}<\/style>\t\t\t\t<p>Kinocube Cinema \u00e9 un proxecto de divulgaci\u00f3n sobre cinema en galego, materializado nesta mesma bit\u00e1cora e mais nunha canle de YouTube. Tratamos sobre arquetipos ou motivos cinematogr\u00e1ficos, un punto de vista que nos permite conectar filmes de diferentes orixes, nacionalidades, \u00e9pocas, medios e estilos.<\/p>\n<p><!-- \/wp:paragraph --><!-- wp:paragraph --><\/p>\n<p>Cando se usan mal, os arquetipos conv\u00e9rtense en clich\u00e9s; por\u00e9n, ben feitos, achegan novos significados \u00e1s escenas e aos filmes. Na bit\u00e1cora xa falamos de ollos a trav\u00e9s das pechaduras, de negras sombras, de linteis, cadeiras baleiras, chamas, aparecidos, flores, ascensos e ca\u00eddas. E os que nos quedan por tratar!<\/p>\n<p><!-- \/wp:paragraph --><!-- wp:paragraph --><\/p>\n<p>Na nosa canle de YouTube, @KinocubeCinema, publicamos de cando en cando videos arredor de personaxes e x\u00e9neros cinematogr\u00e1ficos. B\u00f3talle un ollo!<\/p>\n<p><!-- \/wp:paragraph --><!-- wp:paragraph --><\/p>\n<p>Se queres saber m\u00e1is sobre cinema, le a nosa bit\u00e1cora, b\u00fascanos nas redes sociais (@KinocubeCinema) e subscr\u00edbete \u00e1 nosa canle.<\/p>\n<p><!-- \/wp:paragraph --><!-- wp:paragraph --><\/p>\n<p>At\u00e9 o vindeiro episodio!<\/p>\n<p><!-- \/wp:paragraph --><!-- wp:paragraph --><!-- \/wp:paragraph --><\/p>\t\t\t\t\t\t<\/div>\n\t\t\t\t<\/div>\n\t\t\t\t<div class=\"elementor-element elementor-element-49cf3fa elementor-author-box--align-left elementor-author-box--layout-image-left elementor-widget elementor-widget-author-box\" data-id=\"49cf3fa\" data-element_type=\"widget\" data-widget_type=\"author-box.default\">\n\t\t\t\t<div class=\"elementor-widget-container\">\n\t\t\t<link rel=\"stylesheet\" href=\"https:\/\/kinocubecinema.com\/wp-content\/plugins\/pro-elements\/assets\/css\/widget-theme-elements.min.css\">\t\t<div class=\"elementor-author-box\">\n\t\t\t\t\t\t\t<a href=\"https:\/\/sofianaseiro.com\" class=\"elementor-author-box__avatar\">\n\t\t\t\t\t<img decoding=\"async\" src=\"https:\/\/kinocubecinema.com\/wp-content\/uploads\/2025\/04\/IMG_9337-1-200x300.jpg\" alt=\"Sof\u00eda Naseiro\" loading=\"lazy\">\n\t\t\t\t<\/a>\n\t\t\t\n\t\t\t<div class=\"elementor-author-box__text\">\n\t\t\t\t\t\t\t\t\t<a href=\"https:\/\/sofianaseiro.com\">\n\t\t\t\t\t\t<h5 class=\"elementor-author-box__name\">\n\t\t\t\t\t\t\tSof\u00eda Naseiro\t\t\t\t\t\t<\/h5>\n\t\t\t\t\t<\/a>\n\t\t\t\t\n\t\t\t\t\t\t\t\t\t<div class=\"elementor-author-box__bio\">\n\t\t\t\t\t\t<p>Vilalba, 1996.<\/p>\n<p>Cineasta. Estudou Comunicaci\u00f3n Audiovisual na USC, Mestrado en Teor\u00eda e Pr\u00e1ctica do Documental Creativo na UAB en Barcelona e Mestrado en Xornalismo e Comunicaci\u00f3n na USC. <\/p>\n<p>Foi co-directora do documental La Huella (2020), estreado na selecci\u00f3n oficial do Festival de Cinema Documental Alcances (C\u00e1diz), seleccionada na competici\u00f3n nacional de Documenta Madrid e na secci\u00f3n \u00bfQue te est\u00e1s preguntando? do Festival de Curtametraxes de Bogot\u00e1 (Colombia). Coa s\u00faa curta documental transmedia Xorima (2022) ga\u00f1ou o premio \u00e1 mellor curta galega no IX Festival de Cine de Roca. Tam\u00e9n \u00e9 autora das curtas De pedra son os muros i as tebras (2023) e O xerg\u00f3n (2025).<\/p>\n\t\t\t\t\t<\/div>\n\t\t\t\t\n\t\t\t\t\t\t\t\t\t<a class=\"elementor-author-box__button elementor-button elementor-size-xs\" href=\"https:\/\/sofianaseiro.com\">\n\t\t\t\t\t\t+ Info\t\t\t\t\t<\/a>\n\t\t\t\t\t\t\t<\/div>\n\t\t<\/div>\n\t\t\t\t<\/div>\n\t\t\t\t<\/div>\n\t\t\t\t\t<\/div>\n\t\t\t\t<\/div>\n\t\t\t\t<\/div>\n\t\t\t\t<\/div>\n\t\t","protected":false},"excerpt":{"rendered":"<p>Kinocube Cinema Kinocube Cinema \u00e9 un proxecto de divulgaci\u00f3n sobre cinema en galego, materializado nesta mesma bit\u00e1cora e mais nunha canle de YouTube. Tratamos sobre arquetipos ou motivos cinematogr\u00e1ficos, un punto de vista que nos permite conectar filmes de diferentes orixes, nacionalidades, \u00e9pocas, medios e estilos. Cando se usan mal, os arquetipos conv\u00e9rtense en clich\u00e9s; [&hellip;]<\/p>\n","protected":false},"author":1,"featured_media":1940,"parent":0,"menu_order":0,"comment_status":"closed","ping_status":"closed","template":"elementor_header_footer","meta":{"footnotes":""},"class_list":["post-69","page","type-page","status-publish","has-post-thumbnail","hentry"],"_links":{"self":[{"href":"https:\/\/kinocubecinema.com\/index.php\/wp-json\/wp\/v2\/pages\/69","targetHints":{"allow":["GET"]}}],"collection":[{"href":"https:\/\/kinocubecinema.com\/index.php\/wp-json\/wp\/v2\/pages"}],"about":[{"href":"https:\/\/kinocubecinema.com\/index.php\/wp-json\/wp\/v2\/types\/page"}],"author":[{"embeddable":true,"href":"https:\/\/kinocubecinema.com\/index.php\/wp-json\/wp\/v2\/users\/1"}],"replies":[{"embeddable":true,"href":"https:\/\/kinocubecinema.com\/index.php\/wp-json\/wp\/v2\/comments?post=69"}],"version-history":[{"count":45,"href":"https:\/\/kinocubecinema.com\/index.php\/wp-json\/wp\/v2\/pages\/69\/revisions"}],"predecessor-version":[{"id":2115,"href":"https:\/\/kinocubecinema.com\/index.php\/wp-json\/wp\/v2\/pages\/69\/revisions\/2115"}],"wp:featuredmedia":[{"embeddable":true,"href":"https:\/\/kinocubecinema.com\/index.php\/wp-json\/wp\/v2\/media\/1940"}],"wp:attachment":[{"href":"https:\/\/kinocubecinema.com\/index.php\/wp-json\/wp\/v2\/media?parent=69"}],"curies":[{"name":"wp","href":"https:\/\/api.w.org\/{rel}","templated":true}]}}