{"id":67,"date":"2023-11-16T23:14:13","date_gmt":"2023-11-16T22:14:13","guid":{"rendered":"https:\/\/kinocubecinema.com\/?page_id=67"},"modified":"2024-01-31T23:08:59","modified_gmt":"2024-01-31T22:08:59","slug":"cousas","status":"publish","type":"page","link":"https:\/\/kinocubecinema.com\/index.php\/cousas\/","title":{"rendered":"Cousas"},"content":{"rendered":"\t\t<div data-elementor-type=\"wp-page\" data-elementor-id=\"67\" class=\"elementor elementor-67\" data-elementor-post-type=\"page\">\n\t\t\t\t<div class=\"elementor-element elementor-element-8742fca e-flex e-con-boxed e-con e-parent\" data-id=\"8742fca\" data-element_type=\"container\" data-core-v316-plus=\"true\">\n\t\t\t\t\t<div class=\"e-con-inner\">\n\t\t\t\t<div class=\"elementor-element elementor-element-c37ee33 elementor-grid-3 elementor-grid-tablet-2 elementor-grid-mobile-1 elementor-widget elementor-widget-loop-grid\" data-id=\"c37ee33\" data-element_type=\"widget\" data-settings=\"{&quot;template_id&quot;:226,&quot;_skin&quot;:&quot;post&quot;,&quot;columns&quot;:&quot;3&quot;,&quot;columns_tablet&quot;:&quot;2&quot;,&quot;columns_mobile&quot;:&quot;1&quot;,&quot;edit_handle_selector&quot;:&quot;[data-elementor-type=\\&quot;loop-item\\&quot;]&quot;,&quot;row_gap&quot;:{&quot;unit&quot;:&quot;px&quot;,&quot;size&quot;:&quot;&quot;,&quot;sizes&quot;:[]},&quot;row_gap_tablet&quot;:{&quot;unit&quot;:&quot;px&quot;,&quot;size&quot;:&quot;&quot;,&quot;sizes&quot;:[]},&quot;row_gap_mobile&quot;:{&quot;unit&quot;:&quot;px&quot;,&quot;size&quot;:&quot;&quot;,&quot;sizes&quot;:[]}}\" data-widget_type=\"loop-grid.post\">\n\t\t\t\t<div class=\"elementor-widget-container\">\n\t\t\t<link rel=\"stylesheet\" href=\"https:\/\/kinocubecinema.com\/wp-content\/plugins\/pro-elements\/assets\/css\/widget-loop-builder.min.css\">\t\t<div class=\"elementor-loop-container elementor-grid\">\n\t\t<style id=\"loop-226\">.elementor-226 .elementor-element.elementor-element-02d0365{--display:flex;--flex-direction:column;--container-widget-width:calc( ( 1 - var( --container-widget-flex-grow ) ) * 100% );--container-widget-height:initial;--container-widget-flex-grow:0;--container-widget-align-self:initial;--align-items:center;--background-transition:0.3s;}.elementor-226 .elementor-element.elementor-element-645636f .elementor-button{font-family:var( --e-global-typography-dc516b7-font-family ), Sans-serif;font-size:var( --e-global-typography-dc516b7-font-size );font-weight:var( --e-global-typography-dc516b7-font-weight );line-height:var( --e-global-typography-dc516b7-line-height );letter-spacing:var( --e-global-typography-dc516b7-letter-spacing );word-spacing:var( --e-global-typography-dc516b7-word-spacing );fill:var( --e-global-color-secondary );color:var( --e-global-color-secondary );background-color:var( --e-global-color-accent );border-style:none;}.elementor-226 .elementor-element.elementor-element-645636f .elementor-button:hover, .elementor-226 .elementor-element.elementor-element-645636f .elementor-button:focus{color:var( --e-global-color-secondary );background-color:var( --e-global-color-primary );border-color:var( --e-global-color-accent );}.elementor-226 .elementor-element.elementor-element-645636f .elementor-button:hover svg, .elementor-226 .elementor-element.elementor-element-645636f .elementor-button:focus svg{fill:var( --e-global-color-secondary );}.elementor-226 .elementor-element.elementor-element-645636f > .elementor-widget-container{margin:0px 0px 0px 0px;padding:0px 0px 0px 0px;}.elementor-226 .elementor-element.elementor-element-645636f.elementor-element{--align-self:stretch;}@media(max-width:1024px){.elementor-226 .elementor-element.elementor-element-645636f .elementor-button{font-size:var( --e-global-typography-dc516b7-font-size );line-height:var( --e-global-typography-dc516b7-line-height );letter-spacing:var( --e-global-typography-dc516b7-letter-spacing );word-spacing:var( --e-global-typography-dc516b7-word-spacing );}}@media(max-width:767px){.elementor-226 .elementor-element.elementor-element-645636f .elementor-button{font-size:var( --e-global-typography-dc516b7-font-size );line-height:var( --e-global-typography-dc516b7-line-height );letter-spacing:var( --e-global-typography-dc516b7-letter-spacing );word-spacing:var( --e-global-typography-dc516b7-word-spacing );}}<\/style>\t\t<div data-elementor-type=\"loop-item\" data-elementor-id=\"226\" class=\"elementor elementor-226 e-loop-item e-loop-item-1719 post-1719 post type-post status-publish format-standard has-post-thumbnail hentry category-cousas tag-cinema tag-cousas tag-fanzine tag-merch tag-merchandaxe tag-merchandising tag-obxectos tag-tecnoloxia\" data-elementor-post-type=\"elementor_library\" data-custom-edit-handle=\"1\">\n\t\t\t<div class=\"elementor-element elementor-element-02d0365 e-flex e-con-boxed e-con e-parent\" data-id=\"02d0365\" data-element_type=\"container\" data-core-v316-plus=\"true\">\n\t\t\t\t\t<div class=\"e-con-inner\">\n\t\t\t\t<div class=\"elementor-element elementor-element-93dd05c elementor-widget elementor-widget-theme-post-featured-image elementor-widget-image\" data-id=\"93dd05c\" data-element_type=\"widget\" data-widget_type=\"theme-post-featured-image.default\">\n\t\t\t\t<div class=\"elementor-widget-container\">\n\t\t\t<style>\/*! elementor - v3.20.0 - 10-04-2024 *\/\n.elementor-widget-image{text-align:center}.elementor-widget-image a{display:inline-block}.elementor-widget-image a img[src$=\".svg\"]{width:48px}.elementor-widget-image img{vertical-align:middle;display:inline-block}<\/style>\t\t\t\t\t\t\t\t\t\t<img fetchpriority=\"high\" decoding=\"async\" width=\"620\" height=\"877\" src=\"https:\/\/kinocubecinema.com\/wp-content\/uploads\/2024\/12\/a-beleza-o-horror-da-maquina-a6.png\" class=\"attachment-large size-large wp-image-1721\" alt=\"a beleza o horror da maquina portada\" srcset=\"https:\/\/kinocubecinema.com\/wp-content\/uploads\/2024\/12\/a-beleza-o-horror-da-maquina-a6.png 620w, https:\/\/kinocubecinema.com\/wp-content\/uploads\/2024\/12\/a-beleza-o-horror-da-maquina-a6-212x300.png 212w\" sizes=\"(max-width: 620px) 100vw, 620px\" \/>\t\t\t\t\t\t\t\t\t\t\t\t\t<\/div>\n\t\t\t\t<\/div>\n\t\t\t\t<div class=\"elementor-element elementor-element-dd4accc elementor-widget elementor-widget-theme-post-content\" data-id=\"dd4accc\" data-element_type=\"widget\" data-widget_type=\"theme-post-content.default\">\n\t\t\t\t<div class=\"elementor-widget-container\">\n\t\t\t\n<p>O \u00faltimo fanzine de Kinocube Cinema \u00e9 un pequeno artigo exclusivo, nunha edici\u00f3n limitada que se vendeu no Festigal 2024. Agora que remata o ano, deix\u00e1molo \u00e1 vosa disposici\u00f3n en formato dixital. <\/p>\n\n\n\n<p>Desc\u00e1rgaa aqu\u00ed!<\/p>\n\t\t<\/div>\n\t\t\t\t<\/div>\n\t\t\t\t<div class=\"elementor-element elementor-element-645636f elementor-align-justify elementor-widget elementor-widget-button\" data-id=\"645636f\" data-element_type=\"widget\" data-widget_type=\"button.default\">\n\t\t\t\t<div class=\"elementor-widget-container\">\n\t\t\t\t\t<div class=\"elementor-button-wrapper\">\n\t\t\t<a class=\"elementor-button elementor-button-link elementor-size-sm\" href=\"https:\/\/kinocubecinema.com\/wp-content\/uploads\/2024\/12\/a-beleza-da-maquina-o-horror-da-maquina.pdf\" target=\"_blank\">\n\t\t\t\t\t\t<span class=\"elementor-button-content-wrapper\">\n\t\t\t\t\t\t<span class=\"elementor-button-text\">Descarga<\/span>\n\t\t<\/span>\n\t\t\t\t\t<\/a>\n\t\t<\/div>\n\t\t\t\t<\/div>\n\t\t\t\t<\/div>\n\t\t\t\t\t<\/div>\n\t\t\t\t<\/div>\n\t\t\t\t<\/div>\n\t\t\t\t<div data-elementor-type=\"loop-item\" data-elementor-id=\"226\" class=\"elementor elementor-226 e-loop-item e-loop-item-241 post-241 post type-post status-publish format-standard has-post-thumbnail hentry category-cousas\" data-elementor-post-type=\"elementor_library\" data-custom-edit-handle=\"1\">\n\t\t\t<div class=\"elementor-element elementor-element-02d0365 e-flex e-con-boxed e-con e-parent\" data-id=\"02d0365\" data-element_type=\"container\" data-core-v316-plus=\"true\">\n\t\t\t\t\t<div class=\"e-con-inner\">\n\t\t\t\t<div class=\"elementor-element elementor-element-93dd05c elementor-widget elementor-widget-theme-post-featured-image elementor-widget-image\" data-id=\"93dd05c\" data-element_type=\"widget\" data-widget_type=\"theme-post-featured-image.default\">\n\t\t\t\t<div class=\"elementor-widget-container\">\n\t\t\t\t\t\t\t\t\t\t\t\t\t<img decoding=\"async\" width=\"628\" height=\"877\" src=\"https:\/\/kinocubecinema.com\/wp-content\/uploads\/2024\/01\/1pax.png\" class=\"attachment-large size-large wp-image-1051\" alt=\"\" srcset=\"https:\/\/kinocubecinema.com\/wp-content\/uploads\/2024\/01\/1pax.png 628w, https:\/\/kinocubecinema.com\/wp-content\/uploads\/2024\/01\/1pax-215x300.png 215w\" sizes=\"(max-width: 628px) 100vw, 628px\" \/>\t\t\t\t\t\t\t\t\t\t\t\t\t<\/div>\n\t\t\t\t<\/div>\n\t\t\t\t<div class=\"elementor-element elementor-element-dd4accc elementor-widget elementor-widget-theme-post-content\" data-id=\"dd4accc\" data-element_type=\"widget\" data-widget_type=\"theme-post-content.default\">\n\t\t\t\t<div class=\"elementor-widget-container\">\n\t\t\t\n<p>Editamos un <em>fanzine<\/em> cos filmes esenciais para a nosa bit\u00e1cora. Se queres un exemplar, contacta con n\u00f3s!<\/p>\n\n\n\n<p>Aqu\u00ed tes a edici\u00f3n dixital para imprimir a dobre cara. <a href=\"https:\/\/kinocubecinema.com\/index.php\/2024\/02\/01\/instrucions-para-dobrar-o-fanzine-kinocube-esenciais\/\" data-type=\"post\" data-id=\"1076\">Instruci\u00f3ns para dobralo nesta ligaz\u00f3n<\/a>.<\/p>\n\t\t<\/div>\n\t\t\t\t<\/div>\n\t\t\t\t<div class=\"elementor-element elementor-element-645636f elementor-align-justify elementor-widget elementor-widget-button\" data-id=\"645636f\" data-element_type=\"widget\" data-widget_type=\"button.default\">\n\t\t\t\t<div class=\"elementor-widget-container\">\n\t\t\t\t\t<div class=\"elementor-button-wrapper\">\n\t\t\t<a class=\"elementor-button elementor-button-link elementor-size-sm\" href=\"https:\/\/kinocubecinema.com\/wp-content\/uploads\/2023\/11\/Kinocube-Fanzine-1-Esenciais.pdf\" target=\"_blank\">\n\t\t\t\t\t\t<span class=\"elementor-button-content-wrapper\">\n\t\t\t\t\t\t<span class=\"elementor-button-text\">Descarga<\/span>\n\t\t<\/span>\n\t\t\t\t\t<\/a>\n\t\t<\/div>\n\t\t\t\t<\/div>\n\t\t\t\t<\/div>\n\t\t\t\t\t<\/div>\n\t\t\t\t<\/div>\n\t\t\t\t<\/div>\n\t\t\t\t<div data-elementor-type=\"loop-item\" data-elementor-id=\"226\" class=\"elementor elementor-226 e-loop-item e-loop-item-237 post-237 post type-post status-publish format-standard has-post-thumbnail hentry category-cousas\" data-elementor-post-type=\"elementor_library\" data-custom-edit-handle=\"1\">\n\t\t\t<div class=\"elementor-element elementor-element-02d0365 e-flex e-con-boxed e-con e-parent\" data-id=\"02d0365\" data-element_type=\"container\" data-core-v316-plus=\"true\">\n\t\t\t\t\t<div class=\"e-con-inner\">\n\t\t\t\t<div class=\"elementor-element elementor-element-93dd05c elementor-widget elementor-widget-theme-post-featured-image elementor-widget-image\" data-id=\"93dd05c\" data-element_type=\"widget\" data-widget_type=\"theme-post-featured-image.default\">\n\t\t\t\t<div class=\"elementor-widget-container\">\n\t\t\t\t\t\t\t\t\t\t\t\t\t<img decoding=\"async\" width=\"800\" height=\"517\" src=\"https:\/\/kinocubecinema.com\/wp-content\/uploads\/2024\/01\/Colante-2-1.png\" class=\"attachment-large size-large wp-image-1049\" alt=\"\" srcset=\"https:\/\/kinocubecinema.com\/wp-content\/uploads\/2024\/01\/Colante-2-1.png 965w, https:\/\/kinocubecinema.com\/wp-content\/uploads\/2024\/01\/Colante-2-1-300x194.png 300w, https:\/\/kinocubecinema.com\/wp-content\/uploads\/2024\/01\/Colante-2-1-768x497.png 768w\" sizes=\"(max-width: 800px) 100vw, 800px\" \/>\t\t\t\t\t\t\t\t\t\t\t\t\t<\/div>\n\t\t\t\t<\/div>\n\t\t\t\t<div class=\"elementor-element elementor-element-dd4accc elementor-widget elementor-widget-theme-post-content\" data-id=\"dd4accc\" data-element_type=\"widget\" data-widget_type=\"theme-post-content.default\">\n\t\t\t\t<div class=\"elementor-widget-container\">\n\t\t\t\n<p>Colantes de Kinocube Cinema. Desc\u00e1rgaos e c\u00f3laos onde queiras!<\/p>\n\t\t<\/div>\n\t\t\t\t<\/div>\n\t\t\t\t<div class=\"elementor-element elementor-element-645636f elementor-align-justify elementor-widget elementor-widget-button\" data-id=\"645636f\" data-element_type=\"widget\" data-widget_type=\"button.default\">\n\t\t\t\t<div class=\"elementor-widget-container\">\n\t\t\t\t\t<div class=\"elementor-button-wrapper\">\n\t\t\t<a class=\"elementor-button elementor-button-link elementor-size-sm\" href=\"https:\/\/kinocubecinema.com\/wp-content\/uploads\/2023\/11\/kinocube_colantes.pdf\" target=\"_blank\">\n\t\t\t\t\t\t<span class=\"elementor-button-content-wrapper\">\n\t\t\t\t\t\t<span class=\"elementor-button-text\">Descarga<\/span>\n\t\t<\/span>\n\t\t\t\t\t<\/a>\n\t\t<\/div>\n\t\t\t\t<\/div>\n\t\t\t\t<\/div>\n\t\t\t\t\t<\/div>\n\t\t\t\t<\/div>\n\t\t\t\t<\/div>\n\t\t\t\t<\/div>\n\t\t\n\t\t\t\t<\/div>\n\t\t\t\t<\/div>\n\t\t\t\t\t<\/div>\n\t\t\t\t<\/div>\n\t\t\t\t<\/div>\n\t\t","protected":false},"excerpt":{"rendered":"","protected":false},"author":1,"featured_media":0,"parent":0,"menu_order":0,"comment_status":"closed","ping_status":"closed","template":"","meta":{"footnotes":""},"class_list":["post-67","page","type-page","status-publish","hentry"],"_links":{"self":[{"href":"https:\/\/kinocubecinema.com\/index.php\/wp-json\/wp\/v2\/pages\/67","targetHints":{"allow":["GET"]}}],"collection":[{"href":"https:\/\/kinocubecinema.com\/index.php\/wp-json\/wp\/v2\/pages"}],"about":[{"href":"https:\/\/kinocubecinema.com\/index.php\/wp-json\/wp\/v2\/types\/page"}],"author":[{"embeddable":true,"href":"https:\/\/kinocubecinema.com\/index.php\/wp-json\/wp\/v2\/users\/1"}],"replies":[{"embeddable":true,"href":"https:\/\/kinocubecinema.com\/index.php\/wp-json\/wp\/v2\/comments?post=67"}],"version-history":[{"count":13,"href":"https:\/\/kinocubecinema.com\/index.php\/wp-json\/wp\/v2\/pages\/67\/revisions"}],"predecessor-version":[{"id":245,"href":"https:\/\/kinocubecinema.com\/index.php\/wp-json\/wp\/v2\/pages\/67\/revisions\/245"}],"wp:attachment":[{"href":"https:\/\/kinocubecinema.com\/index.php\/wp-json\/wp\/v2\/media?parent=67"}],"curies":[{"name":"wp","href":"https:\/\/api.w.org\/{rel}","templated":true}]}}